{"id":3178,"date":"2018-10-18T20:03:23","date_gmt":"2018-10-18T18:03:23","guid":{"rendered":"https:\/\/www.proserhabit.com\/aviso-legal-politica-privacidad\/"},"modified":"2019-10-06T17:57:19","modified_gmt":"2019-10-06T15:57:19","slug":"avis-legal-politica-privacitat","status":"publish","type":"page","link":"https:\/\/www.proserhabit.com\/ca\/avis-legal-politica-privacitat\/","title":{"rendered":"Av\u00eds legal i pol\u00edtica de privacitat"},"content":{"rendered":"<p>Vivamus sagittis lacus vel augue laoreet rutrum faucibus dolor auctor. Donec id elit non mi porta gravida at eget metus. Maecenas sed diam eget risus varius blandit sit amet non magna. Cras justo odio, dapibus ac facilisis in, egestas eget quam. Maecenas faucibus mollis interdum. Donec id elit non mi porta gravida at eget metus. Cras justo odio, dapibus ac facilisis in, egestas eget quam. Nulla vitae elit libero, a pharetra augue. Nulla vitae elit libero, a pharetra augue. Vivamus sagittis lacus vel augue laoreet rutrum faucibus dolor auctor. Donec id elit non mi porta gravida at eget metus. Donec sed odio dui. Vestibulum id ligula porta felis euismod semper. Sed posuere consectetur est at lobortis. Cras justo odio, dapibus ac facilisis in, egestas eget quam. Cras justo odio, dapibus ac facilisis in, egestas eget quam. Nullam quis risus eget urna mollis ornare vel eu leo. Aenean lacinia bibendum nulla sed consectetur. Cras mattis consectetur purus sit amet fermentum. Cras justo odio, dapibus ac facilisis in, egestas eget quam.<\/p>\n<h2>T\u00edtulo 2<\/h2>\n<p>Cum sociis natoque penatibus et magnis dis parturient montes, nascetur ridiculus mus. Integer posuere erat a ante venenatis dapibus posuere velit aliquet. Donec sed odio dui. Maecenas sed diam eget risus varius blandit sit amet non magna. Donec ullamcorper nulla non metus auctor fringilla.<\/p>\n<h2>T\u00edtulo 3<\/h2>\n<p>Donec ullamcorper nulla non metus auctor fringilla. Praesent commodo cursus magna, vel scelerisque nisl consectetur et. Lorem ipsum dolor sit amet, consectetur adipiscing elit. Lorem ipsum dolor sit amet, consectetur adipiscing elit. Nulla vitae elit libero, a pharetra augue. Donec sed odio dui. Fusce dapibus, tellus ac cursus commodo, tortor mauris condimentum nibh, ut fermentum massa justo sit amet risus. Etiam porta sem malesuada magna mollis euismod. Fusce dapibus, tellus ac cursus commodo, tortor mauris condimentum nibh, ut fermentum massa justo sit amet risus. Nullam quis risus eget urna mollis ornare vel eu leo. Vivamus sagittis lacus vel augue laoreet rutrum faucibus dolor auctor. Cum sociis natoque penatibus et magnis dis parturient montes, nascetur ridiculus mus. Aenean lacinia bibendum nulla sed consectetur. Aenean lacinia bibendum nulla sed consectetur. Donec id elit non mi porta gravida at eget metus. Etiam porta sem malesuada magna mollis euismod. Nullam quis risus eget urna mollis ornare vel eu leo. Cras mattis consectetur purus sit amet fermentum. Maecenas sed diam eget risus varius blandit sit amet non magna. Nulla vitae elit libero, a pharetra augue. Morbi leo risus, porta ac consectetur ac, vestibulum at eros. Donec ullamcorper nulla non metus auctor fringilla.<\/p>\n","protected":false},"excerpt":{"rendered":"<p>Vivamus sagittis lacus vel augue laoreet rutrum faucibus dolor auctor. Donec id elit non mi porta gravida at eget metus. Maecenas sed diam eget risus varius blandit sit amet non magna. Cras justo odio, dapibus ac facilisis in, egestas eget quam. Maecenas faucibus mollis interdum. Donec id elit non mi porta gravida at eget metus. [&hellip;]<\/p>\n","protected":false},"author":1,"featured_media":0,"parent":0,"menu_order":0,"comment_status":"closed","ping_status":"closed","template":"","meta":{"footnotes":""},"class_list":["post-3178","page","type-page","status-publish","hentry"],"yoast_head":"<!-- This site is optimized with the Yoast SEO plugin v26.6 - https:\/\/yoast.com\/wordpress\/plugins\/seo\/ -->\n<title>Av\u00eds legal i pol\u00edtica de privacitat &#8226; Proserhabit<\/title>\n<meta name=\"description\" content=\"M\u00e9s de 20 anys en el sector de la construcci\u00f3. Estructures de formig\u00f3, fonaments, murs de contenci\u00f3, subministrament i muntatge de ferro, edificaci\u00f3.\" \/>\n<meta name=\"robots\" content=\"noindex, follow\" \/>\n<meta property=\"og:locale\" content=\"ca_ES\" \/>\n<meta property=\"og:type\" content=\"article\" \/>\n<meta property=\"og:title\" content=\"Av\u00eds legal i pol\u00edtica de privacitat &#8226; Proserhabit\" \/>\n<meta property=\"og:description\" content=\"M\u00e9s de 20 anys en el sector de la construcci\u00f3. Estructures de formig\u00f3, fonaments, murs de contenci\u00f3, subministrament i muntatge de ferro, edificaci\u00f3.\" \/>\n<meta property=\"og:url\" content=\"https:\/\/www.proserhabit.com\/ca\/avis-legal-politica-privacitat\/\" \/>\n<meta property=\"og:site_name\" content=\"Proserhabit\" \/>\n<meta property=\"article:modified_time\" content=\"2019-10-06T15:57:19+00:00\" \/>\n<meta property=\"og:image\" content=\"https:\/\/www.proserhabit.com\/wp-content\/uploads\/2019\/10\/proserhabit-fb.jpg\" \/>\n\t<meta property=\"og:image:width\" content=\"1200\" \/>\n\t<meta property=\"og:image:height\" content=\"630\" \/>\n\t<meta property=\"og:image:type\" content=\"image\/jpeg\" \/>\n<meta name=\"twitter:card\" content=\"summary_large_image\" \/>\n<meta name=\"twitter:label1\" content=\"Temps estimat de lectura\" \/>\n\t<meta name=\"twitter:data1\" content=\"2 minuts\" \/>\n<script type=\"application\/ld+json\" class=\"yoast-schema-graph\">{\"@context\":\"https:\/\/schema.org\",\"@graph\":[{\"@type\":\"WebPage\",\"@id\":\"https:\/\/www.proserhabit.com\/ca\/avis-legal-politica-privacitat\/\",\"url\":\"https:\/\/www.proserhabit.com\/ca\/avis-legal-politica-privacitat\/\",\"name\":\"Av\u00eds legal i pol\u00edtica de privacitat &#8226; Proserhabit\",\"isPartOf\":{\"@id\":\"https:\/\/www.proserhabit.com\/ca\/#website\"},\"datePublished\":\"2018-10-18T18:03:23+00:00\",\"dateModified\":\"2019-10-06T15:57:19+00:00\",\"description\":\"M\u00e9s de 20 anys en el sector de la construcci\u00f3. Estructures de formig\u00f3, fonaments, murs de contenci\u00f3, subministrament i muntatge de ferro, edificaci\u00f3.\",\"breadcrumb\":{\"@id\":\"https:\/\/www.proserhabit.com\/ca\/avis-legal-politica-privacitat\/#breadcrumb\"},\"inLanguage\":\"ca\",\"potentialAction\":[{\"@type\":\"ReadAction\",\"target\":[\"https:\/\/www.proserhabit.com\/ca\/avis-legal-politica-privacitat\/\"]}]},{\"@type\":\"BreadcrumbList\",\"@id\":\"https:\/\/www.proserhabit.com\/ca\/avis-legal-politica-privacitat\/#breadcrumb\",\"itemListElement\":[{\"@type\":\"ListItem\",\"position\":1,\"name\":\"Portada\",\"item\":\"https:\/\/www.proserhabit.com\/ca\/\"},{\"@type\":\"ListItem\",\"position\":2,\"name\":\"Av\u00eds legal i pol\u00edtica de privacitat\"}]},{\"@type\":\"WebSite\",\"@id\":\"https:\/\/www.proserhabit.com\/ca\/#website\",\"url\":\"https:\/\/www.proserhabit.com\/ca\/\",\"name\":\"Proserhabit\",\"description\":\"S&oacute;lo otro sitio de WordPress\",\"publisher\":{\"@id\":\"https:\/\/www.proserhabit.com\/ca\/#organization\"},\"potentialAction\":[{\"@type\":\"SearchAction\",\"target\":{\"@type\":\"EntryPoint\",\"urlTemplate\":\"https:\/\/www.proserhabit.com\/ca\/?s={search_term_string}\"},\"query-input\":{\"@type\":\"PropertyValueSpecification\",\"valueRequired\":true,\"valueName\":\"search_term_string\"}}],\"inLanguage\":\"ca\"},{\"@type\":\"Organization\",\"@id\":\"https:\/\/www.proserhabit.com\/ca\/#organization\",\"name\":\"Proserhabit, S.L.\",\"url\":\"https:\/\/www.proserhabit.com\/ca\/\",\"logo\":{\"@type\":\"ImageObject\",\"inLanguage\":\"ca\",\"@id\":\"https:\/\/www.proserhabit.com\/ca\/#\/schema\/logo\/image\/\",\"url\":\"https:\/\/www.proserhabit.com\/wp-content\/uploads\/2018\/10\/proserhabit-logo-c.png\",\"contentUrl\":\"https:\/\/www.proserhabit.com\/wp-content\/uploads\/2018\/10\/proserhabit-logo-c.png\",\"width\":287,\"height\":55,\"caption\":\"Proserhabit, S.L.\"},\"image\":{\"@id\":\"https:\/\/www.proserhabit.com\/ca\/#\/schema\/logo\/image\/\"}}]}<\/script>\n<!-- \/ Yoast SEO plugin. -->","yoast_head_json":{"title":"Av\u00eds legal i pol\u00edtica de privacitat &#8226; Proserhabit","description":"M\u00e9s de 20 anys en el sector de la construcci\u00f3. Estructures de formig\u00f3, fonaments, murs de contenci\u00f3, subministrament i muntatge de ferro, edificaci\u00f3.","robots":{"index":"noindex","follow":"follow"},"og_locale":"ca_ES","og_type":"article","og_title":"Av\u00eds legal i pol\u00edtica de privacitat &#8226; Proserhabit","og_description":"M\u00e9s de 20 anys en el sector de la construcci\u00f3. Estructures de formig\u00f3, fonaments, murs de contenci\u00f3, subministrament i muntatge de ferro, edificaci\u00f3.","og_url":"https:\/\/www.proserhabit.com\/ca\/avis-legal-politica-privacitat\/","og_site_name":"Proserhabit","article_modified_time":"2019-10-06T15:57:19+00:00","og_image":[{"width":1200,"height":630,"url":"https:\/\/www.proserhabit.com\/wp-content\/uploads\/2019\/10\/proserhabit-fb.jpg","type":"image\/jpeg"}],"twitter_card":"summary_large_image","twitter_misc":{"Temps estimat de lectura":"2 minuts"},"schema":{"@context":"https:\/\/schema.org","@graph":[{"@type":"WebPage","@id":"https:\/\/www.proserhabit.com\/ca\/avis-legal-politica-privacitat\/","url":"https:\/\/www.proserhabit.com\/ca\/avis-legal-politica-privacitat\/","name":"Av\u00eds legal i pol\u00edtica de privacitat &#8226; Proserhabit","isPartOf":{"@id":"https:\/\/www.proserhabit.com\/ca\/#website"},"datePublished":"2018-10-18T18:03:23+00:00","dateModified":"2019-10-06T15:57:19+00:00","description":"M\u00e9s de 20 anys en el sector de la construcci\u00f3. Estructures de formig\u00f3, fonaments, murs de contenci\u00f3, subministrament i muntatge de ferro, edificaci\u00f3.","breadcrumb":{"@id":"https:\/\/www.proserhabit.com\/ca\/avis-legal-politica-privacitat\/#breadcrumb"},"inLanguage":"ca","potentialAction":[{"@type":"ReadAction","target":["https:\/\/www.proserhabit.com\/ca\/avis-legal-politica-privacitat\/"]}]},{"@type":"BreadcrumbList","@id":"https:\/\/www.proserhabit.com\/ca\/avis-legal-politica-privacitat\/#breadcrumb","itemListElement":[{"@type":"ListItem","position":1,"name":"Portada","item":"https:\/\/www.proserhabit.com\/ca\/"},{"@type":"ListItem","position":2,"name":"Av\u00eds legal i pol\u00edtica de privacitat"}]},{"@type":"WebSite","@id":"https:\/\/www.proserhabit.com\/ca\/#website","url":"https:\/\/www.proserhabit.com\/ca\/","name":"Proserhabit","description":"S&oacute;lo otro sitio de WordPress","publisher":{"@id":"https:\/\/www.proserhabit.com\/ca\/#organization"},"potentialAction":[{"@type":"SearchAction","target":{"@type":"EntryPoint","urlTemplate":"https:\/\/www.proserhabit.com\/ca\/?s={search_term_string}"},"query-input":{"@type":"PropertyValueSpecification","valueRequired":true,"valueName":"search_term_string"}}],"inLanguage":"ca"},{"@type":"Organization","@id":"https:\/\/www.proserhabit.com\/ca\/#organization","name":"Proserhabit, S.L.","url":"https:\/\/www.proserhabit.com\/ca\/","logo":{"@type":"ImageObject","inLanguage":"ca","@id":"https:\/\/www.proserhabit.com\/ca\/#\/schema\/logo\/image\/","url":"https:\/\/www.proserhabit.com\/wp-content\/uploads\/2018\/10\/proserhabit-logo-c.png","contentUrl":"https:\/\/www.proserhabit.com\/wp-content\/uploads\/2018\/10\/proserhabit-logo-c.png","width":287,"height":55,"caption":"Proserhabit, S.L."},"image":{"@id":"https:\/\/www.proserhabit.com\/ca\/#\/schema\/logo\/image\/"}}]}},"_links":{"self":[{"href":"https:\/\/www.proserhabit.com\/ca\/wp-json\/wp\/v2\/pages\/3178","targetHints":{"allow":["GET"]}}],"collection":[{"href":"https:\/\/www.proserhabit.com\/ca\/wp-json\/wp\/v2\/pages"}],"about":[{"href":"https:\/\/www.proserhabit.com\/ca\/wp-json\/wp\/v2\/types\/page"}],"author":[{"embeddable":true,"href":"https:\/\/www.proserhabit.com\/ca\/wp-json\/wp\/v2\/users\/1"}],"replies":[{"embeddable":true,"href":"https:\/\/www.proserhabit.com\/ca\/wp-json\/wp\/v2\/comments?post=3178"}],"version-history":[{"count":1,"href":"https:\/\/www.proserhabit.com\/ca\/wp-json\/wp\/v2\/pages\/3178\/revisions"}],"predecessor-version":[{"id":3179,"href":"https:\/\/www.proserhabit.com\/ca\/wp-json\/wp\/v2\/pages\/3178\/revisions\/3179"}],"wp:attachment":[{"href":"https:\/\/www.proserhabit.com\/ca\/wp-json\/wp\/v2\/media?parent=3178"}],"curies":[{"name":"wp","href":"https:\/\/api.w.org\/{rel}","templated":true}]}}

Avís legal i política de privacitat

<p>Vivamus sagittis lacus vel augue laoreet rutrum faucibus dolor auctor. Donec id elit non mi porta gravida at eget metus. Maecenas sed diam eget risus varius blandit sit amet non magna. Cras justo odio, dapibus ac facilisis in, egestas eget quam. Maecenas faucibus mollis interdum. Donec id elit non mi porta gravida at eget metus. Cras justo odio, dapibus ac facilisis in, egestas eget quam. Nulla vitae elit libero, a pharetra augue. Nulla vitae elit libero, a pharetra augue. Vivamus sagittis lacus vel augue laoreet rutrum faucibus dolor auctor. Donec id elit non mi porta gravida at eget metus. Donec sed odio dui. Vestibulum id ligula porta felis euismod semper. Sed posuere consectetur est at lobortis. Cras justo odio, dapibus ac facilisis in, egestas eget quam. Cras justo odio, dapibus ac facilisis in, egestas eget quam. Nullam quis risus eget urna mollis ornare vel eu leo. Aenean lacinia bibendum nulla sed consectetur. Cras mattis consectetur purus sit amet fermentum. Cras justo odio, dapibus ac facilisis in, egestas eget quam.</p>
<h2>Título 2</h2>
<p>Cum sociis natoque penatibus et magnis dis parturient montes, nascetur ridiculus mus. Integer posuere erat a ante venenatis dapibus posuere velit aliquet. Donec sed odio dui. Maecenas sed diam eget risus varius blandit sit amet non magna. Donec ullamcorper nulla non metus auctor fringilla.</p>
<h2>Título 3</h2>
<p>Donec ullamcorper nulla non metus auctor fringilla. Praesent commodo cursus magna, vel scelerisque nisl consectetur et. Lorem ipsum dolor sit amet, consectetur adipiscing elit. Lorem ipsum dolor sit amet, consectetur adipiscing elit. Nulla vitae elit libero, a pharetra augue. Donec sed odio dui. Fusce dapibus, tellus ac cursus commodo, tortor mauris condimentum nibh, ut fermentum massa justo sit amet risus. Etiam porta sem malesuada magna mollis euismod. Fusce dapibus, tellus ac cursus commodo, tortor mauris condimentum nibh, ut fermentum massa justo sit amet risus. Nullam quis risus eget urna mollis ornare vel eu leo. Vivamus sagittis lacus vel augue laoreet rutrum faucibus dolor auctor. Cum sociis natoque penatibus et magnis dis parturient montes, nascetur ridiculus mus. Aenean lacinia bibendum nulla sed consectetur. Aenean lacinia bibendum nulla sed consectetur. Donec id elit non mi porta gravida at eget metus. Etiam porta sem malesuada magna mollis euismod. Nullam quis risus eget urna mollis ornare vel eu leo. Cras mattis consectetur purus sit amet fermentum. Maecenas sed diam eget risus varius blandit sit amet non magna. Nulla vitae elit libero, a pharetra augue. Morbi leo risus, porta ac consectetur ac, vestibulum at eros. Donec ullamcorper nulla non metus auctor fringilla.</p>

<!-- This site is optimized with the Yoast SEO plugin v26.6 - https://yoast.com/wordpress/plugins/seo/ -->
<title>Avís legal i política de privacitat &#8226; Proserhabit</title>
<meta name="description" content="Més de 20 anys en el sector de la construcció. Estructures de formigó, fonaments, murs de contenció, subministrament i muntatge de ferro, edificació." />
<meta name="robots" content="noindex, follow" />
<meta property="og:locale" content="ca_ES" />
<meta property="og:type" content="article" />
<meta property="og:title" content="Avís legal i política de privacitat &#8226; Proserhabit" />
<meta property="og:description" content="Més de 20 anys en el sector de la construcció. Estructures de formigó, fonaments, murs de contenció, subministrament i muntatge de ferro, edificació." />
<meta property="og:url" content="https://www.proserhabit.com/ca/avis-legal-politica-privacitat/" />
<meta property="og:site_name" content="Proserhabit" />
<meta property="article:modified_time" content="2019-10-06T15:57:19+00:00" />
<meta property="og:image" content="https://www.proserhabit.com/wp-content/uploads/2019/10/proserhabit-fb.jpg" />
	<meta property="og:image:width" content="1200" />
	<meta property="og:image:height" content="630" />
	<meta property="og:image:type" content="image/jpeg" />
<meta name="twitter:card" content="summary_large_image" />
<meta name="twitter:label1" content="Temps estimat de lectura" />
	<meta name="twitter:data1" content="2 minuts" />
<script type="application/ld+json" class="yoast-schema-graph">{"@context":"https://schema.org","@graph":[{"@type":"WebPage","@id":"https://www.proserhabit.com/ca/avis-legal-politica-privacitat/","url":"https://www.proserhabit.com/ca/avis-legal-politica-privacitat/","name":"Avís legal i política de privacitat &#8226; Proserhabit","isPartOf":{"@id":"https://www.proserhabit.com/ca/#website"},"datePublished":"2018-10-18T18:03:23+00:00","dateModified":"2019-10-06T15:57:19+00:00","description":"Més de 20 anys en el sector de la construcció. Estructures de formigó, fonaments, murs de contenció, subministrament i muntatge de ferro, edificació.","breadcrumb":{"@id":"https://www.proserhabit.com/ca/avis-legal-politica-privacitat/#breadcrumb"},"inLanguage":"ca","potentialAction":[{"@type":"ReadAction","target":["https://www.proserhabit.com/ca/avis-legal-politica-privacitat/"]}]},{"@type":"BreadcrumbList","@id":"https://www.proserhabit.com/ca/avis-legal-politica-privacitat/#breadcrumb","itemListElement":[{"@type":"ListItem","position":1,"name":"Portada","item":"https://www.proserhabit.com/ca/"},{"@type":"ListItem","position":2,"name":"Avís legal i política de privacitat"}]},{"@type":"WebSite","@id":"https://www.proserhabit.com/ca/#website","url":"https://www.proserhabit.com/ca/","name":"Proserhabit","description":"S&oacute;lo otro sitio de WordPress","publisher":{"@id":"https://www.proserhabit.com/ca/#organization"},"potentialAction":[{"@type":"SearchAction","target":{"@type":"EntryPoint","urlTemplate":"https://www.proserhabit.com/ca/?s={search_term_string}"},"query-input":{"@type":"PropertyValueSpecification","valueRequired":true,"valueName":"search_term_string"}}],"inLanguage":"ca"},{"@type":"Organization","@id":"https://www.proserhabit.com/ca/#organization","name":"Proserhabit, S.L.","url":"https://www.proserhabit.com/ca/","logo":{"@type":"ImageObject","inLanguage":"ca","@id":"https://www.proserhabit.com/ca/#/schema/logo/image/","url":"https://www.proserhabit.com/wp-content/uploads/2018/10/proserhabit-logo-c.png","contentUrl":"https://www.proserhabit.com/wp-content/uploads/2018/10/proserhabit-logo-c.png","width":287,"height":55,"caption":"Proserhabit, S.L."},"image":{"@id":"https://www.proserhabit.com/ca/#/schema/logo/image/"}}]}</script>
<!-- / Yoast SEO plugin. -->

Avís legal i política de privacitat &#8226; Proserhabit

Més de 20 anys en el sector de la construcció. Estructures de formigó, fonaments, murs de contenció, subministrament i muntatge de ferro, edificació.
